
Calculate the greatest common factor of 342349 and 35798.
7
What is the greatest common factor of 492 and 19702878?
246
What is the highest common factor of 1530 and 43881462?
18
Calculate the highest common divisor of 19904633 and 9261.
343
What is the highest common divisor of 155822499 and 93639?
7203
Calculate the greatest common factor of 14635 and 5455.
5
What is the greatest common factor of 110 and 112826758?
22
What is the highest common factor of 10640 and 19520144?
2128
Calculate the greatest common divisor of 144199187 and 4972.
1243
What is the greatest common divisor of 840258 and 18?
18
What is the highest common factor of 1389888 and 704064?
3648
Calculate the highest common divisor of 9331264 and 2110.
422
Calculate the greatest common factor of 727 and 74507.
1
What is the highest common divisor of 58810 and 8790?
10
What is the highest common factor of 166883 and 8379079?
3881
Calculate the greatest common factor of 60660013 and 26905.
5381
Calculate the highest common factor of 3634306 and 14690.
2938
Calculate the greatest common divisor of 25662 and 128921.
611
Calculate the greatest common divisor of 1152765 and 490.
5
What is the highest common divisor of 2688 and 29009064?
168
Calculate the highest common factor of 201109634 and 22.
22
What is the highest common divisor of 52212 and 3306?
114
What is the highest common divisor of 856 and 426823?
107
What is the highest common factor of 68299335 and 1365?
195
Calculate the greatest common divisor of 654 and 213306.
6
Calculate the highest common factor of 7447054 and 68.
34
Calculate the highest common divisor of 10610 and 590.
10
What is the highest common divisor of 12 and 1259469636?
12
What is the greatest common factor of 256268687 and 5631?
1877
What is the highest common factor of 146210474 and 199?
199
Calculate the greatest common divisor of 143919464 and 69368.
2392
What is the highest common divisor of 11819633 and 165571?
5341
Calculate the greatest common divisor of 32471 and 140149963.
1709
What is the highest common divisor of 25069 and 142835?
583
Calculate the highest common divisor of 6284889 and 351.
117
What is the highest common divisor of 2227 and 1956921?
17
Calculate the highest common factor of 17627208 and 24.
24
Calculate the greatest common divisor of 40220594 and 1586.
122
Calculate the highest common divisor of 160285 and 3.
1
What is the greatest common factor of 5643 and 1201068?
297
Calculate the greatest common factor of 495 and 385588995.
165
Calculate the greatest common factor of 23921 and 25213.
19
Calculate the greatest common divisor of 2277060 and 10020.
60
What is the greatest common divisor of 201049915 and 1675?
335
Calculate the highest common factor of 55476459 and 2848.
89
What is the highest common factor of 944896 and 1152?
128
Calculate the greatest common divisor of 56264 and 20945356.
2164
What is the highest common divisor of 285889741 and 56510?
5651
Calculate the greatest common divisor of 770 and 141188245.
55
Calculate the greatest common factor of 1898 and 44174.
26
Calculate the greatest common factor of 6356 and 3809968.
908
What is the highest common factor of 12135 and 233715?
15
What is the greatest common factor of 2863 and 3664231?
409
Calculate the greatest common factor of 15 and 5671893.
3
What is the greatest common divisor of 1122736 and 112?
16
Calculate the greatest common divisor of 90 and 467064.
18
What is the greatest common factor of 682 and 10339978?
22
What is the greatest common factor of 1857 and 25643932?
619
Calculate the greatest common divisor of 87854026 and 26.
26
Calculate the highest common factor of 165 and 3877577.
11
What is the highest common divisor of 26548827 and 3858?
1929
Calculate the highest common divisor of 498 and 11075354.
166
What is the greatest common factor of 231052063 and 11?
11
Calculate the greatest common divisor of 49728 and 528952.
296
What is the highest common factor of 1670745039 and 123?
123
Calculate the greatest common factor of 11725210 and 1050.
70
What is the highest common factor of 8658 and 4436966?
74
What is the highest common factor of 6496 and 22666777?
203
Calculate the highest common factor of 5654 and 504724.
22
Calculate the greatest common divisor of 3341505 and 108135.
1335
Calculate the highest common factor of 39 and 109920239.
13
Calculate the highest common divisor of 4692709 and 14728.
1841
What is the highest common divisor of 16797 and 123090?
33
What is the greatest common factor of 102656 and 11165444?
1604
What is the greatest common divisor of 5121293 and 2201?
31
What is the highest common factor of 4079152 and 48400?
1936
What is the greatest common factor of 10067 and 109?
1
What is the greatest common divisor of 129 and 81135?
3
Calculate the highest common divisor of 595114 and 111296.
94
What is the highest common divisor of 475215 and 1305?
15
What is the greatest common divisor of 172608 and 4496?
16
What is the highest common divisor of 1197 and 5491589?
19
Calculate the highest common divisor of 28960 and 4328615.
905
What is the highest common factor of 1617 and 6507347?
539
What is the highest common factor of 505605 and 225017?
911
What is the greatest common factor of 587547 and 270?
27
Calculate the highest common divisor of 5792337 and 81.
27
Calculate the highest common divisor of 188622 and 3098291.
3493
Calculate the greatest common factor of 299782280 and 609.
203
Calculate the greatest common divisor of 114490 and 734020.
1070
Calculate the greatest common divisor of 20449 and 148889.
169
What is the greatest common divisor of 4565630 and 17930?
1630
What is the greatest common factor of 30812160 and 3068?
236
What is the highest common divisor of 39456 and 12051616?
4384
What is the greatest common factor of 3917142 and 162?
18
What is the highest common factor of 18421 and 125398?
169
Calculate the highest common divisor of 669 and 20534509.
223
Calculate the highest common factor of 255 and 113880.
15
What is the highest common divisor of 180 and 1514910?
30
What is the highest common divisor of 212 and 36593956?
212
What is the greatest common divisor of 268944 and 40131?
39
What is the greatest common divisor of 3079622 and 1456?
182
Calculate the greatest common divisor of 552 and 415309758.
138
What is the greatest common factor of 9 and 26760564?
9
What is the highest common divisor of 27040651 and 8943?
2981
Calculate the highest common factor of 131498536 and 91.
13
Calculate the highest common divisor of 610 and 6205835.
305
What is the greatest common divisor of 6045 and 4469673?
1209
Calculate the highest common factor of 943023 and 20777.
79
Calculate the highest common divisor of 211 and 175234.
1
Calculate the highest common divisor of 390 and 287610.
30
What is the greatest common factor of 59397765 and 105?
105
Calculate the greatest common divisor of 21 and 28829607.
3
What is the highest common divisor of 530 and 52979065?
265
What is the highest common factor of 67500 and 19584?
36
What is the greatest common factor of 43 and 4516591?
43
What is the greatest common factor of 2738 and 1243681?
37
Calculate the greatest common factor of 239680573 and 22.
11
Calculate the highest common factor of 1950 and 16417128.
78
Calculate the greatest common factor of 14835 and 117390.
645
What is the greatest common divisor of 39152992 and 128?
32
What is the greatest common divisor of 5347461 and 3816197?
11963
What is the highest common divisor of 610205 and 2480?
5
What is the greatest common divisor of 4560448 and 288?
32
What is the highest common factor of 213 and 6539881?
71
Calculate the greatest common factor of 2925 and 3889825.
25
Calculate the greatest common divisor of 1117765 and 9185.
55
What is the highest common factor of 7867529 and 42503?
2237
Calculate the greatest common divisor of 7941 and 1452.
3
What is the highest common divisor of 506 and 29899586?
46
What is the highest common divisor of 533 and 11618867?
533
What is the greatest common factor of 101972237 and 254?
127
Calculate the greatest common factor of 1659 and 561351.
21
What is the greatest common divisor of 9498 and 129625538?
3166
What is the highest common factor of 5327 and 221690?
7
Calculate the great